ainder when 19 is divided by n.
5
Suppose 6*c = -0*c + 156. Let r(p) = p + 5. Let l be r(-5). Suppose s = 2*b + 6, l = 2*s + 3*s - 4*b - 54. Calculate the remainder when c is divided by s.
12
Let l(i) = 19*i - 29. What is the remainder when l(15) is divided by 37?
34
Suppose 3*a - 8 = 1. Calculate the remainder when a is divided by 3.
0
Let t = -1 + 1. Suppose 0*p + 5*p - 75 = t. Calculate the remainder when 56 is divided by p.
11
Let m = 2 + -2. Calculate the remainder when (-278)/(-8) - 9/12 is divided by (-3 - m)*(-6)/1.
16
Let g = -27 - -56. Calculate the remainder when g is divided by (25/15)/(2/12).
9
Let r(q) = 43*q + 1. Let y be r(1). Let m(w) = -w + 16. Let c be m(13). Suppose 11 - y = -c*p. Calculate the remainder when 20 is divided by p.
9
Let f(c) = c**3 - 9*c**2 - 9*c + 15. Suppose 18 = 3*u - 2*u. Let s = 31 - u. Calculate the remainder when f(10) is divided by s.
12
Let k be (33/(-2))/((-1)/(-6)). Let v = k + 156. What is the remainder when v is divided by 15?
12
Suppose 2*n = -4*b + 36, 5*b + 0*n - 46 = -2*n. Suppose -2*q + b = q - h, -h = -4*q + 13. Calculate the remainder when q is divided by 2.
1
Let j(u) = 3*u**2 - 7*u - 2. What is the remainder when j(5) is divided by 10?
8
Let q = 56 - 31. What is the remainder when 49 is divided by q?
24
Suppose -5*s + 7*s - 22 = 0. What is the remainder when 39 is divided by s?
6
Suppose -q = -0*q - 7. Let o = -3 - -6. Calculate the remainder when q is divided by o.
1
Suppose 3*g - 8*g + 145 = 0. Calculate the remainder when g is divided by 6.
5
Suppose w + 7 = -2*y, 0 = -4*w - 2*y - 4 - 0. Suppose 3 = 2*o - 7. Suppose 1 = 2*f - o, 5*d + 5*f = 20. What is the remainder when d is divided by w?
0
Let j(f) = -59*f**3 - 2*f**2 - f. Let r = 1 + 19. What is the remainder when j(-1) is divided by r?
18
Let s(j) = j**3 + 4*j**2 - 7*j - 6. Let g be s(-5). Let t = 6 + g. Calculate the remainder when 18 is divided by t.
8
Suppose -4*t + 89 = 1. Calculate the remainder when t is divided by -1*32/(-12)*(-3 + 6).
6
Suppose 0 = -2*s + 4 + 10. Suppose -5*i + 75 = -2*i. Calculate the remainder when i is divided by s.
4
Let c = 43 - 18. Calculate the remainder when 197 is divided by c.
22
Let t(o) = 10*o**2 + 10*o + 9. Suppose 5*x = -2*c + 13, x = -x + 2*c + 8. Calculate the remainder when t(-1) is divided by x.
0
Let g(h) = 2*h**2 - 5*h - 7. What is the remainder when 64 is divided by g(5)?
10
Suppose 5 - 17 = -3*s. Suppose 0*n = -5*n. Let u = n + 11. Calculate the remainder when u is divided by s.
3
Suppose 42 = 2*c + q - 39, 0 = 3*c - 4*q - 127. What is the remainder when c is divided by 15?
11
Let y(u) = 7*u**2 + 4*u. Let o be y(3). Suppose 0 = j + 4*j - o. What is the remainder when j/6*18/15 is divided by 2?
1
Suppose 0 = 21*w - 27*w + 18. Calculate the remainder when 2/(-3)*-6*1 is divided by w.
1
Suppose 1 = 5*z - 4. Let d = z - -1. What is the remainder when d + (1 - 1) + 11 is divided by 5?
3
Suppose 3 + 0 = 2*p + 3*c, -p + 5*c = 18. Let n(k) = -k - 1. Let v be n(p). What is the remainder when v/7 - (-580)/28 is divided by 11?
10
Let c = 1 + -3. Let l = 15 + c. What is the remainder when 51 is divided by l?
12
Suppose -v = -6*v + 80. What is the remainder when 28 is divided by v + (1 - -2)/(-3)?
13
Suppose 3*u = -12 + 30. Suppose 0 = -0*m - u*m + 36. Calculate the remainder when 15 is divided by m.
3
Suppose 0 = -o + 2*c + 4, -5*c + 1 = 2*o - 7. Let b = -9 - -20. Let m = b - o. What is the remainder when m is divided by 3?
1
Let b(i) = 31*i**2 - 2*i - 3. What is the remainder when b(-1) is divided by 8?
6
Suppose k - 3*v = 33, 3*v = 2*k - 0*k - 63. Let u = -33 - -49. Calculate the remainder when k is divided by u.
14
Suppose 5*v - 90 - 15 = 0. Calculate the remainder when v is divided by 11.
10
Let r = 7 - 4. Suppose -r*l + l = -14. What is the remainder when (57/12)/(2/8) is divided by l?
5
Let c(r) = -r + 32. Calculate the remainder when 71 is divided by c(17).
11
Let s = 114 - 225. Let t = -76 - s. Suppose 5*r - 90 = -3*w, -3*w = 3*r - w - 54. Calculate the remainder when t is divided by r.
17
Let g = -3 + 2. Let j = -14 - -21. What is the remainder when (-118)/(-6) - g/3 is divided by j?
6
Let q(j) = -j + 11. Let k be q(9). Suppose w - 15 = -k*d, 6 + 20 = 4*d - 2*w. Let l = 34 + -22. What is the remainder when l is divided by d?
5
Let o be (-7)/(21/6) - -13. Suppose -4*b + 16 = 0, -o = -2*g - 4*b + 13. What is the remainder when 7 is divided by g?
3
Let o(q) = -2*q**2 - q + 4. Let t be o(5). Let d = -31 - t. Suppose 0*v + 2*v - d = 0. What is the remainder when v is divided by 4?
2
Suppose 2*x - 6 = 4. Suppose 0 = -x*n - 10. What is the remainder when 22 is divided by n*3/6 - -9?
6
Let u = 82 - 25. Let a = u - 36. Calculate the remainder when a is divided by 11.
10
Let g(w) = w**2. Let k be g(2). Suppose 0 = 4*i - k*t - 216, 0 = 2*t + 3*t + 10. Calculate the remainder when i is divided by 14.
10
Suppose -2*m = 4 - 0. What is the remainder when 38 is divided by (m/(-6))/((-1)/(-39))?
12
Let o be (0 - 2 - 0) + 48. Suppose 0 = -5*a - 4*t + o, -2*a = -3*t - 12 - 11. Calculate the remainder when a is divided by 6.
4
Suppose -5*y = -l - 28, 2*l + 37 = 4*y + 11. Calculate the remainder when 19 is divided by y.
4
Let z(d) = 19*d**2 + d + 1. Let c(x) = x**2 + 7*x - 1. Let w be c(-7). Calculate the remainder when (-1572)/(-28) + 1/(-7) is divided by z(w).
18
Let n be (3/(-2))/((-4)/56). Suppose 2*i - n = 11. Suppose 3*b - i - 47 = 0. Calculate the remainder when b is divided by 11.
10
Calculate the remainder when ((-99)/(-2)*2/3)/1 is divided by 5.
3
Suppose -3*l + 4*l + 4*n = 14, -5*n = 5*l - 100. What is the remainder when 87 is divided by l?
21
Suppose 0 = -2*z - 0*z - p + 14, 35 = 3*z - 2*p. Let w = -8 - -14. Calculate the remainder when z is divided by w.
3
Suppose -u = -3*n + 18, 3*n = -n - 4*u + 8. Suppose -n*z - 28 = -7*z. What is the remainder when 40 is divided by z?
12
Let g be (-1)/(-2) - (-1)/(-2). Suppose -3*o - o = -36. Suppose 3*t - o = -g*t. Calculate the remainder when 8 is divided by t.
2
Let a(f) = 3*f + 2. Let u be a(6). Calculate the remainder when 28 is divided by (-1 + 13)*u/16.
13
Let k be -8 + (0 - (-1 + 3)). Let n be k/4*2*-1. Suppose n*h = -25, -50 = -4*a - 2*h - 0*h. Calculate the remainder when 44 is divided by a.
14
Suppose x = 5*s + 5, 2*s = -2*x - 0*x - 2. Suppose x = -n + 5 + 3. Let o = 66 - 37. What is the remainder when o is divided by n?
5
Suppose -5*y + 0 + 210 = 0. Calculate the remainder when y is divided by 12.
6
Suppose 3*b = 2*b. What is the remainder when 32/(-12)*(b + -6) is divided by 9?
7
Suppose 2*s = -5*v + 93, v + 42 = 3*v - 4*s. Let i = 30 - v. What is the remainder when 42 is divided by i?
9
Suppose -1 = -5*u + 19. What is the remainder when 4 is divided by u?
0
Let f(u) = 9*u - 13. Let s be (-1)/(-2) + 5/2. Suppose s*c - 2*b - 12 = 0, -2*b = -5*c + 2*b + 22. Calculate the remainder when f(2) is divided by c.
1
Let o(g) be the second derivative of 11*g**3/6 + g**2 - g. Let i be o(-2). Let m = 38 + i. Calculate the remainder when m is divided by 10.
8
Suppose -7 = -7*i + 77. Suppose 0 = 4*j - i - 16. Calculate the remainder when j is divided by 2.
1
Suppose 0 = -4*j + 4 + 16. Let l = -6 + 16. Calculate the remainder when 1 + -2 + 5 + l is divided by j.
4
Let c = -3 - -19. What is the remainder when 30 is divided by c?
14
What is the remainder when 33/(-99) - ((-176)/6 - -1) is divided by 10?
8
Suppose -14 = -4*x + 2*s - 5*s, -3*s + 16 = 5*x. Suppose 2*t + 0 = 4. Suppose 4*z - t = 6. What is the remainder when x is divided by z?
0
Let f = 85 + -80. Let h be 2/4*0 - -67. Suppose -27 = 5*z - h. Calculate the remainder when z is divided by f.
3
Suppose -39 = -4*x + 25. What is the remainder when x is divided by 8?
0
Suppose -15*w + 5 = -205. Suppose p - 9 = -3*y, -y = -5*y + p + 12. What is the remainder when w is divided by y?
2
Suppose 134 - 344 = -6*g. Calculate the remainder when g is divided by 19.
16
Let h(w) = 2*w + 5. What is the remainder when h(8) is divided by 8?
5
Let j be 16/104 + (-1029)/13. What is the remainder when 35 is divided by 4/18 - j/9?
8
Let i be (-2)/(1 + (0 - 0)). Calculate the remainder when 17 is divided by 4*2 + i*1.
5
Suppose -2*z - z = -63. Let d = z + 3. Calculate the remainder when d is divided by 9.
6
Let s = 79 + -